me number?
True
Suppose -3*l - 3*g = 0, 5*l = 2*g - 0*g. Suppose l = 5*m - 10*m - z + 788, 2*m - 4*z - 302 = 0. Is m a prime number?
True
Suppose 4*q = -q + 2*f + 254947, -3*f - 50992 = -q. Is q a prime number?
True
Let r = 171 - 175. Let k(q) = 2*q**3 - q**3 - 3*q**2 + 3 + q - 2*q**3. Is k(r) a prime number?
False
Let t(b) = 2*b**2 + 5*b. Let q(c) = 3*c**2 + 6*c. Let r(m) = 5*q(m) - 6*t(m). Let g be r(1). Suppose 0 = -g*l - l + 2476. Is l a composite number?
False
Let f(x) = -6*x**3 + 5*x**2 + 2*x + 10. Let m(c) = -12*c**3 + 9*c**2 + 4*c + 19. Let t(s) = 7*f(s) - 4*m(s). Is t(5) prime?
True
Suppose 2*m + 3*i + 59842 = 7*m, 4*m = -i + 47877. Is m prime?
True
Let k(t) = -691*t + 341. Is k(-6) prime?
False
Is (-7)/((-14581)/(-3647) + -4) a composite number?
True
Let k(f) = -6*f**3 - 3*f**2 - 6*f - 3. Let a be k(-5). Suppose 49*g + 2803 = -480. Let m = a + g. Is m a composite number?
True
Let p(l) = -l**2 + 4*l - 3. Let x be p(3). Suppose x = -7*q + 12*q - 3845. Is q composite?
False
Suppose w + 16 = 4*p, -11 = -3*p - 4*w + 1. Let t be p/(-6) - (-10)/6. Suppose -2*n - 3 - t = 0, -n = -d + 309. Is d prime?
True
Suppose 2*z - 5 = 1. Suppose -4*y + 7 = z*h, -2*h + h + 3 = y. Suppose 0*v + 370 = h*v. Is v composite?
True
Let l = 16 + -11. Suppose -l*a = -3*f - 20, -16 = a - 5*a. Suppose f = -3*u + 7*u - 556. Is u composite?
False
Suppose -5*p - 5*k + 8270 = 0, p - 8*k - 1651 = -10*k. Is p prime?
True
Let d(c) = -c**3 + 7*c**2 + c - 6. Let q be d(7). Let h(j) = 3 - 5 - 6*j + 1 + 13*j. Is h(q) a composite number?
True
Suppose 6*b - 3 - 15 = 0. Is 3/(36/8) + 5755/b a prime number?
False
Let b(v) = 3316*v - 143. Is b(4) a prime number?
True
Let j(c) = c**3 + c**2. Let g(q) = -q**3 + 17*q**2 - 13*q - 5. Let l(i) = g(i) + 2*j(i). Let b be l(-20). Let t = b - -308. Is t composite?
False
Let f = -18075 + 33890. Is f prime?
False
Let u(q) = 10*q**2 - 3*q + 1. Let y be ((-2)/(-6))/((-1)/(-3)). Let g be 5 - y - (-1 + 3). Is u(g) a composite number?
True
Let i = 114 - 47. Is i composite?
False
Let k = -1091 + -6281. Let n = k + 15935. Is n a composite number?
False
Let f(o) = o**2 - 33*o + 39. Is f(32) a composite number?
False
Let s be (6/(-4))/((-18)/132). Suppose -3*c + s*c = -29024. Is (1 + 1)*c/(-8) composite?
False
Let w = 3122 + -1645. Is w a prime number?
False
Suppose 2*i + 8570 - 1028 = 0. Is 4/2 + -3 - (i - 11) prime?
False
Let p be 101/5 - 4/20. Suppose -p*b + 24*b = 6172. Is b a composite number?
False
Let h = -3 - -9. Suppose h*l = 3*l + 4677. Is l a composite number?
False
Let d(o) = 25*o**2 - 70*o + 28. Is d(-27) a prime number?
True
Let w = -2 - -8. Suppose 0*b - 3*b = -w, 3*v + 5*b - 91 = 0. Let y = -8 + v. Is y a composite number?
False
Let f = -3 - -13. Is 1151*(9 - f)*1*-1 a composite number?
False
Let k = 25 - 11. Suppose 0 = -10*h + k*h - 4316. Is h composite?
True
Suppose -3*y = -0*y - 6. Suppose -y*b = -251 - 895. Is b prime?
False
Let w be (0*3/(-6))/(14/(-7)). Suppose -4*x + 810 = -w*a + a, 4*x + 4*a = 816. Is x a prime number?
False
Let d be 8 - 0/(1/(-1)). Let k(y) be the third derivative of -y**4/24 + 5*y**3/2 - 70*y**2. Is k(d) composite?
False
Suppose -w + 4*w - 4*o = -169, 2*o = 3*w + 173. Let s = 105 + w. Is s prime?
False
Let m(u) = -3*u. Let b be m(11). Is 11924/36 + 1 + b/27 composite?
False
Let h be (-63)/(-12) + 4/(-16). Suppose h*u + 291 = 2*a, -3*a + 719 = 2*a - 4*u. Is a a prime number?
False
Suppose -16 = -3*g - 2*m, m - 8 = -3*m. Suppose -6*u = -2*u + g*q + 2864, -4*u = 5*q + 2868. Is (u/12)/(2/(-3)) composite?
False
Suppose 27*m - 9 = 24*m. Suppose 3 = m*l, 5*x - 503 = 4*l + 1828. Is x prime?
True
Let t = -2 + 15. Let y(j) = 22*j - 3. Let m(w) = w - 1. Let c(h) = -5*m(h) + y(h). Is c(t) a composite number?
False
Let d = 7025 + 1099. Let a = -4181 + d. Is a composite?
False
Let p(c) = -c - 6 + 7*c - 3*c - c. Let f be p(4). Suppose f*h - 4*k = -3*k + 575, 579 = 2*h - 5*k. Is h prime?
False
Let f = 95 - 89. Suppose -4893 = -f*t + 10581. Is t a prime number?
True
Let k(m) = -m + 1113. Let x be k(0). Suppose 4*u = 11*u. Suppose u*z - x = -3*z. Is z composite?
True
Let j be -3 - 2*7/(-2). Suppose 0 = 4*b - j*q - 8, -2*q = 2*b - 0*q + 8. Is b/5 + 936/30 prime?
True
Suppose 2*f - 9 = -f. Let x(r) = 12 - 2*r + 1 + 10 - 20*r**2 - r**f + 21*r**2. Is x(0) prime?
True
Let t = 4404 - -46. Let v = t - 3131. Is v a prime number?
True
Let r be 9 - (-1 + 1)/(-2). Let c = -11 + r. Let i = 13 + c. Is i a prime number?
True
Let w(v) = 1470*v - 11. Is w(1) a composite number?
False
Let m be 5 + (2 + 1)*1. Let c(y) = y**3 - 2*y**2 - 5*y + 3. Is c(m) a composite number?
False
Let t(m) = m**2 - 6*m + 3. Let d be t(7). Let p be 4/d - (-7336)/35. Suppose -44 = -2*n + p. Is n a prime number?
True
Let j = 149038 - 99461. Is j a composite number?
True
Let m(j) be the first derivative of 237*j**3 - j**2/2 + j - 1. Is m(2) a composite number?
False
Let t(y) = y**2 - 2 + 0*y + 7*y + 4*y**2 - 5*y. Is t(7) a prime number?
True
Let r = 3 + -7. Is r/2 - (7 + -272 - -6) composite?
False
Suppose 2*f - p + 4 = 0, 4*f - 3*p = p - 16. Suppose f*c + s = -2*c + 3, -5*c - 4*s + 15 = 0. Is (c*6)/(4 - 5) a prime number?
False
Suppose 30*m - 35*m + 20 = 0. Let j(b) = 520*b - 27. Is j(m) a composite number?
False
Let t be 2/3*54/12. Suppose t*w - 1011 = -0*w. Is w composite?
False
Let w(l) = 517*l**2 - 4*l + 2. Is w(3) composite?
False
Let i(c) = -c**3 + 5*c**2 - 2. Let v be i(5). Let m be 271 - 3/v*2. Suppose 0 = -4*f - 2*b + m, -3*f = -2*f - b - 76. Is f prime?
True
Let o(c) = -565*c**3 - c**2 + 2*c + 2. Let b = -11 - -10. Let l be o(b). Let d = l + -311. Is d composite?
True
Suppose -3*o - 2*v + 55093 = 0, v - 3736 = o - 22107. Is o prime?
True
Let p be 1/(2/(1 - 35)). Let w(y) = y + 19. Let z be w(p). Is z*((-356)/(-8) - 0) composite?
False
Let g be (-937 - -1) + (-11 - -8). Let w = 2522 + g. Suppose -5*m + 3*t = -w, m - 264 = t + 51. Is m a composite number?
True
Let l = 19 - 18. Suppose l = 2*r + 3*a, -a + 4 = -4*r - 15. Is (-1555)/r + 3/12 a composite number?
False
Let c(w) = -90*w - 10. Let p(y) = -y - 1. Let t(k) = -c(k) + 4*p(k). Let h be t(-7). Let g = 919 + h. Is g a prime number?
False
Let v be ((-1)/3)/(13/(-117)). Suppose v*g - 20 = -5*r + 29, 3*r - 55 = -5*g. Suppose 0 = q - 2, -4*u + g*u = -4*q + 1572. Is u prime?
False
Let j(z) be the second derivative of -z**3/6 + 7*z**2 - 17*z. Is j(-8) a composite number?
True
Let x = 11 + -7. Suppose -x*m + 0 = 12. Is (2 + m)*-3 - -140 a composite number?
True
Suppose 70971 = 17*w + 9720. Is w composite?
True
Suppose -3 = -a, -y + 3*y + 2237 = a. Let j = -659 - y. Is j a composite number?
True
Let j = 210 - -673. Is j composite?
False
Is 3094245/504 + (-6)/16 a composite number?
True
Is ((-4)/(-3))/(168/204246) prime?
True
Let w = 411 + 946. Is w prime?
False
Let a be -3 - (4 + -8 - 1). Suppose -z = -a*z. Suppose 3*v - 2*c - 885 = z, 2*c = 6*v - 2*v - 1178. Is v a composite number?
False
Let b(g) = 43*g + 258. Is b(23) prime?
False
Let p(s) = 5*s + 2. Let y be p(-1). Let x be (1 + y)*6/(-12). Is (x/(-2))/((-3)/1482) composite?
True
Let f(o) = 40*o - 1. Let j be f(-2). Let a be (-2)/(156/j - -2). Let q = -6 - a. Is q a composite number?
True
Let v(h) = -201*h - 58. Is v(-9) a composite number?
True
Suppose -y - 2*o - 24 = 0, -76 = 3*y + 2*y - o. Let z = -9 - y. Suppose -178 = -z*a + 5*a. Is a a composite number?
False
Let a be (-13985)/30*-2*-3. Let j = a - -5520. Is j a prime number?
False
Is ((-3)/(-9)*-58)/(26/(-117)) composite?
True
Let l = -171 - -249. Let s be 2 - (-1 + -3 - l). Suppose -419 = -g - s. Is g composite?
True
Suppose 2*r - 2*c + 11 = -5, -r + 3*c = 4. Is 124 + r - (0 - -1) composite?
False
Suppose 9*o - 255 = 483. Let r = o + -68. Is r composite?
True
Let n(m) = 18*m + 15. Let h = -34 + 23. Let w = 24 + h. Is n(w) prime?
False
Let b be 2/2*(-3 + 15). Let a be ((-4)/6)/((-4)/b). Suppose -5*d - 5*u + 9 = -431, -a*d + u + 179 = 0. Is d prime?
True
Suppose 0 = -11*q + 20*q - 5679. Is q prime?
True
Suppose 0 = -172*k + 167*k + 840. Suppose 0 = -5*a - 3*a + k. Is a prime?
False
Suppose -5*a + h + 6151 = -3767, 2*a + 4*h = 3954. Is a prime?
False
Let p(a) = -12*a**3 - 5*a**2 - 3*a - 3. Let w be p(-3). Let x be 350/30 - (-2)/(-3). Suppose -6*h + x*h = w. Is h a composite number?
True
Let z be 14/